
Let a(s) = 2*s**3 + 8*s**2 + 6*s - 7. Determine a(-5).
-87
Let m(n) = -n**3 + 12*n**2 + 21*n + 356. Give m(15).
-4
Let i(p) = 47*p - 220. Give i(5).
15
Let g(p) = -9*p**2 - 5*p + 6. Determine g(1).
-8
Let a(g) = -g**3 - 23*g**2 - 76*g - 26. Calculate a(-19).
-26
Let m(c) = c**3 + 31*c**2 - 84*c - 538. What is m(-33)?
56
Let d(p) = 56*p + 1561. What is d(-28)?
-7
Let i(f) = -2*f**2 + 33*f + 145. Give i(17).
128
Let l(x) = 47*x + 463. Give l(-12).
-101
Let z(t) = 33*t + 2314. What is z(-70)?
4
Let g(j) = -2*j**3 + 7*j**2 + 24*j - 64. What is g(6)?
-100
Let k(i) = 9*i**2 + 9267*i + 9268. Determine k(-1).
10
Let p(r) = 1891*r - 20955. Give p(11).
-154
Let t(m) = -3*m**2 - 23*m + 482. Calculate t(-17).
6
Let r(d) = d**3 - 14*d**2 - 7*d + 28. Calculate r(14).
-70
Let b(v) = 7*v**2 + 335*v + 667. What is b(-2)?
25
Let f(t) = t**3 - 71*t**2 + 14*t - 949. What is f(71)?
45
Let z(b) = -469*b**2 - 2811*b - 4. Calculate z(-6).
-22
Let i(w) = -881*w - 81047. Calculate i(-92).
5
Let x(r) = 5*r**2 - 45*r + 26. Calculate x(9).
26
Let a(c) = 7*c**3 - 8*c**2 + 28*c + 18. Calculate a(4).
450
Let x(m) = -403*m + 1597. Determine x(4).
-15
Let d(a) = 2641*a + 18498. Calculate d(-7).
11
Let t(a) = -a**3 - 15*a**2 + 29*a + 437. Calculate t(-8).
-243
Let m(h) = h**3 - 27*h**2 - 57*h - 150. Give m(28).
-962
Let j(k) = 14*k**2 + 185*k + 653. What is j(-5)?
78
Let f(p) = p**3 - 37*p**2 - 44*p + 104. Give f(38).
-124
Let v(p) = -p**2 - 1821*p - 19916. Determine v(-11).
-6
Let c(p) = -20*p**2 + 82*p + 2. What is c(5)?
-88
Let l(f) = -f**2 - 267*f - 12814. Determine l(-204).
38
Let l(c) = 5*c**2 - 162*c - 253. Determine l(34).
19
Let y(i) = -i**2 - 67*i - 329. Determine y(-43).
703
Let c(w) = 225*w - 2497. Determine c(11).
-22
Let k(b) = -4*b**2 + 150*b + 48. Give k(38).
-28
Let v(s) = -132*s + 7510. What is v(57)?
-14
Let a(g) = 49*g - 172. Give a(4).
24
Let t(j) = -202*j + 221. Determine t(2).
-183
Let l(w) = 8*w**2 + 129*w + 10. What is l(-15)?
-125
Let u(t) = -2*t**3 - 2*t**2 + 6*t - 22. Calculate u(-5).
148
Let o(b) = b**2 - 26*b + 340. Give o(19).
207
Let n(u) = u**3 - 18*u**2 + 44*u + 16. Give n(15).
1
Let q(k) = 11*k + 83. Determine q(-17).
-104
Let p(i) = -149*i + 145. Calculate p(1).
-4
Let q(a) = a**3 - a + 290. Calculate q(0).
290
Let d(u) = 235*u + 4678. Give d(-20).
-22
Let o(i) = i**3 - 15*i**2 + 34*i - 52. Give o(13).
52
Let l(o) = 3*o**2 + 267*o - 542. What is l(2)?
4
Let s(p) = -5*p**2 - 5*p - 36. What is s(-3)?
-66
Let t(d) = -d**3 + 21*d**2 + 42*d + 726. Calculate t(24).
6
Let g(u) = 150*u**2 - 1350*u + 15. Give g(9).
15
Let g(c) = -38*c - 978. What is g(-26)?
10
Let r(c) = -2038*c + 114119. What is r(56)?
-9
Let u(l) = -6*l - 105. Calculate u(7).
-147
Let o(c) = 219*c**2 - 5*c - 4. Calculate o(-1).
220
Let w(q) = 2910*q - 8730. Calculate w(3).
0
Let t(g) = 18*g**2 + 359*g + 720. Determine t(-2).
74
Let p(s) = s**3 + 241*s**2 + 7714*s + 5. Determine p(-203).
5
Let v(j) = j**3 + 24*j**2 - 3*j - 5. Determine v(-24).
67
Let s(a) = a**3 + 17*a**2 + 31*a + 15. What is s(-16)?
-225
Let f(r) = 3*r**2 + 16*r + 98. Give f(-14).
462
Let r(c) = -c**3 - 20*c**2 - 134. What is r(-20)?
-134
Let r(u) = 12222*u - 146659. Calculate r(12).
5
Let b(w) = -w**2 + 39*w + 759. Determine b(-14).
17
Let t(r) = r**3 + 9*r**2 + 15*r + 10. Calculate t(-7).
3
Let h(q) = 1732*q + 15559. What is h(-9)?
-29
Let y(d) = -5*d**2 - 57*d - 105. Determine y(-2).
-11
Let h(l) = -8*l + 286. Calculate h(40).
-34
Let g(f) = f**3 + 1622*f**2 - 3246*f - 4. Determine g(2).
0
Let l(y) = 12*y**2 - 54*y - 169. What is l(-3)?
101
Let u(i) = 7*i - 774. Calculate u(105).
-39
Let u(z) = -3*z**3 + 24*z**2 - 44*z + 4. Determine u(5).
9
Let r(c) = 17*c + 12. Give r(-6).
-90
Let v(y) = -3*y**2 + 15*y + 48. Calculate v(-6).
-150
Let c(f) = 10*f**2 - 89*f - 22. Give c(7).
-155
Let q(u) = -u**3 + 14*u**2 + 32*u - 585. What is q(13)?
0
Let d(m) = 2*m**3 + 231*m**2 - 562*m + 3303. Give d(-118).
-1
Let d(k) = -k**2 + 43*k - 40. Give d(1).
2
Let h(g) = 2*g**3 + 16*g**2 - 33*g + 3. Calculate h(2).
17
Let y(c) = -c**3 + 38*c**2 - 7*c + 262. What is y(38)?
-4
Let b(y) = -y**3 - 71*y**2 - 210*y + 25. Calculate b(-3).
43
Let m(q) = -11*q**2 - 26*q + 2. Give m(-2).
10
Let f(q) = 430*q + 3464. Calculate f(-8).
24
Let l(i) = -54*i - 7592. Determine l(-140).
-32
Let n(y) = 2*y**3 + 71*y**2 - 43*y - 243. Give n(-36).
9
Let s(c) = 10*c**2 - 95*c + 268. Determine s(5).
43
Let s(k) = -3*k**2 + 790*k - 3878. Calculate s(5).
-3
Let u(o) = 9*o + 66. What is u(24)?
282
Let o(d) = -d**3 + 25*d**2 + 17*d - 114. What is o(25)?
311
Let b(m) = 119*m + 632. Determine b(-4).
156
Let z(y) = y**3 - 112*y**2 + 930*y - 301. Calculate z(103).
8
Let c(w) = -w**3 + 11*w**2 - 30*w + 16. Determine c(8).
-32
Let f(p) = 4*p**2 + 130*p - 267. What is f(2)?
9
Let f(m) = -121*m**2 + 620*m - 31. Calculate f(5).
44
Let m(t) = 2*t - 15. What is m(4)?
-7
Let m(l) = -70*l - 1720. Calculate m(-25).
30
Let v(l) = -l**3 + 28*l**2 - 185*l + 14. Calculate v(18).
-76
Let t(k) = 3061*k - 3066. Give t(1).
-5
Let k(w) = 192*w + 1544. Calculate k(-9).
-184
Let p(y) = -12*y**2 - 214*y - 140. Give p(-14).
504
Let q(k) = -3*k**2 - 5*k + 17. Determine q(-5).
-33
Let g(o) = 147*o - 157. Calculate g(0).
-157
Let d(z) = -z**3 + 11*z**2 - 22*z + 189. What is d(8)?
205
Let k(v) = v**3 - 6*v**2 + 11*v - 16. What is k(6)?
50
Let d(j) = 215*j - 1489. What is d(7)?
16
Let p(f) = -14*f + 72. What is p(-13)?
254
Let k(l) = 1909*l + 26729. What is k(-14)?
3
Let v(f) = -2*f**3 - 156*f**2 - 152*f + 147. What is v(-77)?
-7
Let s(y) = -3*y**3 - 93*y**2 + 5*y + 59. Give s(-31).
-96
Let d(i) = 1893*i + 3616. What is d(-2)?
-170
Let d(f) = -172*f - 1025. Calculate d(-6).
7
Let v(b) = 106*b**2 + 1699*b + 39. Give v(-16).
-9
Let j(s) = -s**2 + 158*s - 2967. Calculate j(22).
25
Let d(l) = -37*l + 496. Determine d(14).
-22
Let v(d) = d**3 - 39*d**2 - 65*d - 194. Give v(41).
503
Let c(i) = i**3 - 7*i**2 - 35*i + 57. Calculate c(10).
7
Let l(m) = 58*m + 416. Determine l(-7).
10
Let h(a) = -a**3 + 16*a**2 + 21*a - 36. Calculate h(17).
32
Let t(s) = 2*s**3 + 9*s**2 - 2*s - 11. Calculate t(-7).
-242
Let l(r) = r**3 + 37*r**2 + 340*r + 29. Calculate l(-16).
-35
Let v(r) = r**3 - 31*r**2 + 166*r + 52. Give v(24).
4
Let h(z) = 4*z**2 - 173*z - 140. Determine h(44).
-8
Let k(n) = 104*n - 2621. Calculate k(26).
83
Let b(j) = j**3 + 17*j**2 + 18*j + 18. What is b(-16)?
-14
Let h(g) = -g**2 - 89*g - 995. What is h(-13)?
-7
Let q(r) = 7903*r - 47499. Determine q(6).
-81
Let h(p) = 3*p**2 + 92*p + 470. Determine h(-7).
-27
Let j(k) = 504*k + 78. Calculate j(-1).
-426
Let s(i) = -i**3 - 3*i**2 - 71*i - 412. Calculate s(-5).
-7
Let w(r) = -1178*r + 18844. What is w(16)?
-4
Let u(s) = s**3 - 29*s**2 + 52*s + 44. Calculate u(27).
-10
Let k(n) = 22*n + 15. Determine k(4).
103
Let v(a) = a**2 - 21*a - 5. Determine v(11).
-115
Let s(d) = 294*d**2 - 23*d - 23. What is s(-1)?
294
Let l(v) = -7*v - 35. Determine l(20).
-175
Let g(r) = -r**3 + 22*r**2 - 142*r + 265. Calculate g(12).
1
Let y(x) = -3*x**3 + 11*x**2 + 21*x - 10. Determine y(5).
-5
Let q(y) = 97*y - 756. What is q(8)?
20
Let i(l) = 3*l**3 - 11*l**2 - 28*l + 84. Determine i(4).
-12
Let u(j) = -j**3 + 73*j**2 + 320*j - 932. Give u(77).
-8
Let z(r) = 488*r**2 - 11*r - 9. Determine z(-1).
490
Let t(a) = 7*a**3 + 48*a**2 - 9*a - 42. Give t(-7).
-28
Let m(u) = 97*u - 7262. Calculate m(75).
13
Let r(q) = q**3 - 15*q**2 - 34*q + 243. Give r(16).
-45
Let m(h) = -130*h - 1296. Determine m(-10).
4
Let h(q) = 37*q + 2596. What is h(-70)?
6
Let a(v) = 2*v**2 + 478*v - 7622. Give a(15).
-2
Let j(y) = 61*y - 1077. Determine j(18).
21
Let x(d) = -d**3 - 13*d**2 + 10*d - 49. Give x(-14).
7
Let z(v) = -5*v**2 - 41*v + 115. Determine z(3).
-53
Let z(h) = 5*h**2 - 436*h + 858. What is z(2)?
6
Let t(z) = -z**2 + 9*z + 159. Determine t(20).
-61
Let h(j) = -4*j**2 - 90*j. What is h(-4)?
296
Let m(g) = 7*g + 327. Determine m(-45).
12
Let j(s) = -167*s - 973. Calculate j(-6).
29
Let v(f) = -524*f - 2111. What is v(-4)?
-15
Let s(a) = 17*a - 964. What is s(20)?
-624
Let r(y) = y**3 + 35*y**2 + 293*y + 41. Give r(-22).
-113
Let j(f) = 140*f**2 + 10*f + 3. Give j(-1).
133
Let f(x) = -2*x**2 - 26*x - 62. Give f(-10).
-2
Let r(f) = -7*f**3 - 52*f**2 + 24*f + 332. Determine r(-7).